{"id":41,"date":"2025-11-05T22:48:42","date_gmt":"2025-11-05T21:48:42","guid":{"rendered":"https:\/\/www.ssb-berlin-brandenburg.de\/?page_id=41"},"modified":"2025-12-15T19:28:36","modified_gmt":"2025-12-15T18:28:36","slug":"historie","status":"publish","type":"page","link":"https:\/\/www.ssb-berlin-brandenburg.de\/index.php\/historie\/","title":{"rendered":"Historie"},"content":{"rendered":"\n<h3 class=\"wp-block-heading\"><strong>Geschichte und Entwicklung der SSB-Runde Berlin-Brandenburg<\/strong><\/h3>\n\n\n\n<figure class=\"wp-block-image size-full\"><img loading=\"lazy\" decoding=\"async\" width=\"1330\" height=\"529\" src=\"http:\/\/www.ssb-berlin-brandenburg.de\/wp-content\/uploads\/2025\/12\/Loga-aus-der-SchatzkisteB.jpg\" alt=\"\" class=\"wp-image-492\"\/><\/figure>\n\n\n\n<p><\/p>\n\n\n\n<p>Schon vor 2011 fanden auf verschiedenen Kan\u00e4len kleinere SSB-Runden statt \u2013 In dieser Zeit fuhren Jan (Ankerstation) und der liebe Tempelhof-Peter regelm\u00e4\u00dfig Sonntags auf Anh\u00f6hen, um bessere Bedingungen zu schaffen und den Grundstein f\u00fcr eine wachsende Gemeinschaft zu legen.<\/p>\n\n\n\n<p>Im Jahr 2013 wurde die SSB-Runde Berlin-Brandenburg schlie\u00dflich offiziell gegr\u00fcndet. Die Runde begann zun\u00e4chst Sonntags um 20:30 Uhr und diente vor allem dem Austausch \u00fcber Technik und Reichweiten. Mit zunehmender Beteiligung wurde der Beginn auf 19:00 Uhr vorverlegt. Was als lockerer Testbetrieb begann, entwickelte sich zu einer festen Institution im CB-Funk.<\/p>\n\n\n\n<p>Heute ist die SSB-Runde weit \u00fcber Berlin und Brandenburg hinaus bekannt und wird bei entsprechenden Bedingungen via HF oder \u00fcber Web SDR und Gateways bundesweit geh\u00f6rt.<\/p>\n\n\n\n<p>\u00dcber die Jahre entwickelte sich ein starkes Team, das jeden Sonntag bei Wind und Wetter von exponierten Standorten die Runde moderiert und koordiniert. W\u00e4hrend zu Anfang etwa 20 Stationen teilnahmen, wuchs die Zahl der Teilnehmer Jahr f\u00fcr Jahr. Der derzeitige Rekord liegt bei 136 Stationen, mittlerweile beteiligen sich etwa 100 bis 120 Stationen pro Runde. Insgesamt haben wir bereits etwa 300 Funker in unseren B\u00fcchern.<\/p>\n\n\n\n<p>Damit ist die SSB-Runde Berlin-Brandenburg nicht nur ein technisches Highlight, sondern auch ein bedeutender sozialer Treffpunkt im CB-Funk \u2013 ein lebendiges Beispiel daf\u00fcr, wie Funkbegeisterung Menschen verbindet.<\/p>\n\n\n\n<p>Durch die Zusammenarbeit und die legend\u00e4ren Fielddays der \u201eOttis\u201c (<a href=\"http:\/\/www.oscar-tango.net\/\" target=\"_blank\" rel=\"noreferrer noopener\"><strong><mark style=\"background-color:rgba(0, 0, 0, 0)\" class=\"has-inline-color has-headings-color\">www.oscar-tango.net<\/mark><\/strong><\/a>) kennen wir uns und viele andere Funker mittlerweile sogar pers\u00f6nlich.<\/p>\n\n\n\n<p>Wir freuen uns auf jeden Sonntag und hoffen, dass wir mit der SSB-Runde die Begeisterung f\u00fcr unser sch\u00f6nes Hobby weitergeben, neue Funkfreunde erreichen und die Gemeinschaft, die sich \u00fcber all die Jahre aufgebaut hat, lebendig erhalten k\u00f6nnen.<\/p>\n","protected":false},"excerpt":{"rendered":"<p>Geschichte und Entwicklung der SSB-Runde Berlin-Brandenburg Schon vor 2011 fanden &hellip;<\/p>\n","protected":false},"author":1,"featured_media":0,"parent":0,"menu_order":0,"comment_status":"closed","ping_status":"closed","template":"","meta":{"footnotes":""},"class_list":["post-41","page","type-page","status-publish","hentry"],"_links":{"self":[{"href":"https:\/\/www.ssb-berlin-brandenburg.de\/index.php\/wp-json\/wp\/v2\/pages\/41","targetHints":{"allow":["GET"]}}],"collection":[{"href":"https:\/\/www.ssb-berlin-brandenburg.de\/index.php\/wp-json\/wp\/v2\/pages"}],"about":[{"href":"https:\/\/www.ssb-berlin-brandenburg.de\/index.php\/wp-json\/wp\/v2\/types\/page"}],"author":[{"embeddable":true,"href":"https:\/\/www.ssb-berlin-brandenburg.de\/index.php\/wp-json\/wp\/v2\/users\/1"}],"replies":[{"embeddable":true,"href":"https:\/\/www.ssb-berlin-brandenburg.de\/index.php\/wp-json\/wp\/v2\/comments?post=41"}],"version-history":[{"count":9,"href":"https:\/\/www.ssb-berlin-brandenburg.de\/index.php\/wp-json\/wp\/v2\/pages\/41\/revisions"}],"predecessor-version":[{"id":497,"href":"https:\/\/www.ssb-berlin-brandenburg.de\/index.php\/wp-json\/wp\/v2\/pages\/41\/revisions\/497"}],"wp:attachment":[{"href":"https:\/\/www.ssb-berlin-brandenburg.de\/index.php\/wp-json\/wp\/v2\/media?parent=41"}],"curies":[{"name":"wp","href":"https:\/\/api.w.org\/{rel}","templated":true}]}}